t are the prime factors of 1389091?
11, 37, 3413
What are the prime factors of 3099256?
2, 31, 12497
List the prime factors of 1583387.
13, 31, 3929
List the prime factors of 341127.
3, 29, 1307
List the prime factors of 188782.
2, 11, 8581
What are the prime factors of 15275853?
3, 1697317
List the prime factors of 1951030.
2, 5, 195103
List the prime factors of 1693028.
2, 423257
What are the prime factors of 3918551?
7, 13, 17, 149
List the prime factors of 4201864.
2, 31, 16943
List the prime factors of 1008752.
2, 67, 941
List the prime factors of 503751.
3, 167917
What are the prime factors of 656475?
3, 5, 8753
List the prime factors of 46501.
7, 13, 73
What are the prime factors of 4525658?
2, 83, 137, 199
What are the prime factors of 44852?
2, 11213
List the prime factors of 20391216.
2, 3, 424817
List the prime factors of 146182.
2, 73091
List the prime factors of 354653.
13, 27281
List the prime factors of 776243.
13, 29, 71
List the prime factors of 647166.
2, 3, 13, 8297
What are the prime factors of 2598987?
3, 866329
What are the prime factors of 342663?
3, 114221
List the prime factors of 295226.
2, 147613
List the prime factors of 895272.
2, 3, 7, 73
What are the prime factors of 39894649?
937, 42577
What are the prime factors of 1050169?
1050169
What are the prime factors of 28947678?
2, 3, 19, 271, 937
List the prime factors of 23678.
2, 11839
List the prime factors of 447864.
2, 3, 18661
What are the prime factors of 1647159?
3, 619, 887
What are the prime factors of 4361171?
4361171
List the prime factors of 1158262.
2, 7, 53, 223
List the prime factors of 188031.
3, 233, 269
What are the prime factors of 6399919?
31, 431, 479
What are the prime factors of 5536826?
2, 2768413
What are the prime factors of 1201180?
2, 5, 19, 29, 109
List the prime factors of 8470.
2, 5, 7, 11
List the prime factors of 31025774.
2, 13, 1193299
List the prime factors of 61617.
3, 19, 23, 47
List the prime factors of 493730.
2, 5, 97, 509
What are the prime factors of 331711?
331711
What are the prime factors of 2504785?
5, 500957
What are the prime factors of 3383323?
17, 23, 509
List the prime factors of 1030359.
3, 11, 31223
What are the prime factors of 246848?
2, 7, 19, 29
What are the prime factors of 158031?
3, 1951
List the prime factors of 485572.
2, 233, 521
What are the prime factors of 317598?
2, 3, 43, 1231
What are the prime factors of 1613652?
2, 3, 134471
What are the prime factors of 131608?
2, 16451
What are the prime factors of 146647?
146647
List the prime factors of 490304.
2, 47, 163
List the prime factors of 486914.
2, 17, 14321
What are the prime factors of 618537?
3, 206179
What are the prime factors of 2697363?
3, 107, 2801
List the prime factors of 8083859.
7, 47, 24571
List the prime factors of 2885717.
499, 5783
List the prime factors of 779838.
2, 3, 23, 5651
List the prime factors of 403914.
2, 3, 7, 59, 163
List the prime factors of 34880144.
2, 13, 23, 317
List the prime factors of 1375542.
2, 3, 7, 1213
List the prime factors of 5277311.
13, 405947
What are the prime factors of 38267887?
7, 227, 24083
What are the prime factors of 13669696?
2, 213589
What are the prime factors of 182016?
2, 3, 79
List the prime factors of 1830797.
37, 49481
List the prime factors of 4235432.
2, 389, 1361
What are the prime factors of 184568?
2, 23071
What are the prime factors of 41688624?
2, 3, 17, 47, 1087
What are the prime factors of 15001?
7, 2143
List the prime factors of 109026.
2, 3, 673
List the prime factors of 6603639.
3, 7, 43, 71, 103
List the prime factors of 1892486.
2, 23, 41141
What are the prime factors of 24013583?
11, 587, 3719
List the prime factors of 2775015.
3, 5, 61667
List the prime factors of 10692357.
3, 13, 274163
List the prime factors of 3725861.
197, 18913
List the prime factors of 441694.
2, 11, 17, 1181
What are the prime factors of 80859?
3, 26953
What are the prime factors of 284832?
2, 3, 23, 43
What are the prime factors of 136718?
2, 197, 347
List the prime factors of 47801.
13, 3677
What are the prime factors of 1283837?
23, 55819
List the prime factors of 670032.
2, 3, 11, 47
List the prime factors of 1658081.
37, 41, 1093
List the prime factors of 213598.
2, 7, 11, 19, 73
List the prime factors of 170628.
2, 3, 59, 241
What are the prime factors of 3002215?
5, 59, 10177
What are the prime factors of 1059037?
7, 21613
List the prime factors of 43874.
2, 21937
What are the prime factors of 4776920?
2, 5, 307, 389
What are the prime factors of 11187175?
5, 47, 9521
What are the prime factors of 145076?
2, 36269
List the prime factors of 7610941.
13, 59, 9923
List the prime factors of 3847806.
2, 3, 241, 887
List the prime factors of 25292.
2, 6323
What are the prime factors of 1403563?
7, 43, 4663
List the prime factors of 1978169.
61, 32429
List the prime factors of 9191950.
2, 5, 23, 7993
What are the prime factors of 10898536?
2, 11, 271, 457
List the prime factors of 12337307.
163, 75689
List the prime factors of 155449.
7, 53, 419
What are the prime factors of 12187350?
2, 3, 5, 7, 53, 73
List the prime factors of 14447858.
2, 17, 29, 14653
List the prime factors of 3562598.
2, 13, 263, 521
What are the prime factors of 4246675?
5, 37, 4591
What are the prime factors of 235542?
2, 3, 37, 1061
What are the prime factors of 158927?
158927
List the prime factors of 1809733.
809, 2237
List the prime factors of 23113152.
2, 3, 40127
List the prime factors of 23584.
2, 11, 67
List the prime factors of 512798.
2, 11, 13, 163
List the prime factors of 1217977.
1217977
What are the prime factors of 4977691?
4977691
What are the prime factors of 742244?
2, 97, 1913
What are the prime factors of 28877504?
2, 29, 15559
List the prime factors of 20485730.
2, 5, 31, 66083
What are the prime factors of 2418737?
2418737
What are the prime factors of 113743?
7, 16249
List the prime factors of 373671.
3, 41519
List the prime factors of 31165.
5, 23, 271
List the prime factors of 11505228.
2, 3, 7, 29, 4723
What are the prime factors of 1254925?
5, 7, 71, 101
What are the prime factors of 3071799?
3, 341311
List the prime factors of 1720876.
2, 17, 25307
List the prime factors of 13996028.
2, 53, 107, 617
What are the prime factors of 3876873?
3, 7, 11, 13, 1291
List the prime factors of 289609.
71, 4079
List the prime factors of 5008012.
2, 163, 7681
List the prime factors of 4228032.
2, 3, 19, 61
What are the prime factors of 3300898?
2, 313, 5273
What are the prime factors of 1310822?
2, 647, 1013
List the prime factors of 35435293.
17, 347, 6007
What are the prime factors of 592738?
2, 296369
List the prime factors of 139600.
2, 5, 349
List the prime factors of 17582693.
1033, 17021
List the prime factors of 41884.
2, 37, 283
List the prime factors of 3829075.
5, 97, 1579
List the prime factors of 373291.
373291
List the prime factors of 945783.
3, 23, 1523
What are the prime factors of 11404885?
5, 2280977
What are the prime factors of 3652761?
3, 7, 31, 181
What are the prime factors of 2216700?
2, 3, 5, 821
What are the prime factors of 103945?
5, 20789
List the prime factors of 30603953.
30603953
List the prime factors of 139792.
2, 8737
What are the prime factors of 178754?
2, 139, 643
What are the prime factors of 1761027?
3, 281, 2089
List the prime factors of 7777990.
2, 5, 11, 70709
What are the prime factors of 16523453?
23, 718411
List the prime factors of 9718744.
2, 7, 173549
What are the prime factors of 230172?
2, 3, 19181
List the prime factors of 2255054.
2, 1127527
List the prime factors of 398878.
2, 53, 71
What are the prime factors of 32895717?
3, 353, 31063
What are the prime factors of 2606075?
5, 104243
List the prime factors of 27331.
151, 181
What are the prime factors of 1512162?
2, 3, 41, 683
List the prime factors of 1271779.
41, 31019
What are the prime factors of 150265?
5, 41, 733
What are the prime factors of 22526981?
22526981
List the prime factors of 74473.
7, 10639
What are the prime factors of 208040?
2, 5, 7, 743
What are the prime factors of 2129?
2129
What are the prime factors of 132697?
132697
List the prime factors of 9003789.
3, 907, 1103
List the prime factors of 166993.
41, 4073
What are the prime factors of 804323?
13, 61871
What are the prime f